?
-83145
In base 14, what is -1128 + 7cd?
-739
In base 3, what is 1020202 - 110?
1020022
In base 16, what is -2 + -1d555?
-1d557
In base 9, what is -1 - 35475?
-35476
In base 7, what is 6615253 + -4?
6615246
In base 9, what is 12728 + -2?
12726
In base 16, what is 20 - 8a79?
-8a59
In base 16, what is 104 + f63?
1067
In base 6, what is 5334 + -415?
4515
In base 9, what is 38 + 1224?
1263
In base 3, what is -1110211221201 + -1?
-1110211221202
In base 3, what is 11200112200002 - 10?
11200112122222
In base 4, what is -22332 + 3211?
-13121
In base 2, what is -1011 + -10111110011?
-10111111110
In base 15, what is 8e51 + 5?
8e56
In base 14, what is 179a - -239?
19d5
In base 12, what is -783 - -98a?
207
In base 11, what is -4 + -581261?
-581265
In base 13, what is -7 + -18146?
-18150
In base 7, what is 125 + 21345?
21503
In base 9, what is -430 - 1288?
-1728
In base 4, what is -21132022 + -2?
-21132030
In base 12, what is 5 - 1845?
-1840
In base 12, what is 664024 + -5?
66401b
In base 13, what is -2 - -5694a?
56948
In base 3, what is 21101212122 - -20?
21101212212
In base 16, what is -8c - 861?
-8ed
In base 5, what is -10 + -1210?
-1220
In base 12, what is -34727 + -2?
-34729
In base 4, what is -10110 - 12?
-10122
In base 2, what is 100000 - -100101010010111?
100101010110111
In base 5, what is -24 + -20132?
-20211
In base 3, what is 121222 - 100110?
21112
In base 3, what is 2200200 - 1002?
2122121
In base 6, what is -153152 - 1?
-153153
In base 6, what is 54 + 4543?
5041
In base 2, what is -1011101 + -1101001011010?
-1101010110111
In base 6, what is 30154 - 3?
30151
In base 15, what is b9dc + -36?
b9a6
In base 14, what is -8 - -387c3?
387b9
In base 4, what is 0 + 201110?
201110
In base 15, what is 0 + 12d68?
12d68
In base 2, what is 10010011110111 - -11111?
10010100010110
In base 13, what is 2b1 + 28?
309
In base 6, what is -335230454 - 0?
-335230454
In base 16, what is -8 + 18777?
1876f
In base 15, what is -81d3b + 5?
-81d36
In base 15, what is -87 + -b48?
-bd0
In base 15, what is 1d8d - 26?
1d67
In base 10, what is -3 + -17186?
-17189
In base 9, what is 1140160 - 3?
1140156
In base 10, what is -3 + -7350?
-7353
In base 12, what is 4007b - -a?
40089
In base 12, what is -2 + 108846?
108844
In base 16, what is 5 - 268?
-263
In base 7, what is -660131 - -2?
-660126
In base 15, what is -6 - -ac37?
ac31
In base 11, what is -240 - -8944?
8704
In base 10, what is 404 - 669?
-265
In base 16, what is -6d9bd - -2?
-6d9bb
In base 10, what is 488522 + 5?
488527
In base 4, what is 101012031 - -31?
101012122
In base 2, what is 110101000111 - -10?
110101001001
In base 5, what is -2300411 + -1?
-2300412
In base 3, what is 1011101201 - -22?
1011102000
In base 2, what is -10111101 - 10011110000010?
-10100000111111
In base 2, what is 1110111110 + 1110111?
10000110101
In base 12, what is -23b4 - -5?
-23ab
In base 9, what is 2 + 734771?
734773
In base 6, what is 1340 + -342?
554
In base 7, what is 41551 - 233?
41315
In base 12, what is -133 - 8a9?
-a20
In base 9, what is -2 - -140734?
140732
In base 3, what is 102202 - 11210022?
-11100120
In base 8, what is -145246 - -3?
-145243
In base 14, what is 41d - -a0?
4bd
In base 10, what is 1 - -13426?
13427
In base 15, what is 13d7e - -12?
13d91
In base 12, what is 7471b + 12?
74731
In base 13, what is -2761 - 13?
-2774
In base 5, what is 1 + -113320?
-113314
In base 5, what is -3 - 112144141?
-112144144
In base 7, what is -502 + 100236?
66434
In base 4, what is -23320 - -111?
-23203
In base 12, what is 1356 - -13?
1369
In base 6, what is -13 + 110215?
110202
In base 10, what is -879 + 91?
-788
In base 3, what is -101 + 2202002?
2201201
In base 14, what is c + 6d8?
706
In base 8, what is -16405 + 223?
-16162
In base 16, what is abf - 2?
abd
In base 15, what is 2956 - -1?
2957
In base 4, what is 1222322221 - -10?
1222322231
In base 10, what is 165535 - 1?
165534
In base 11, what is -9 + -a603?
-a611
In base 11, what is 28567 + 0?
28567
In base 2, what is 1111101101101 + -10?
1111101101011
In base 9, what is 4 - 484?
-480
In base 13, what is -15040a4 - -1?
-15040a3
In base 5, what is -134112 - -12?
-134100
In base 7, what is 515 - -562?
1410
In base 10, what is -18244 - 0?
-18244
In base 2, what is 11 + -111111001100?
-111111001001
In base 9, what is 4 - 77231?
-77226
In base 9, what is -5 - -48486?
48481
In base 7, what is -121 + -1125?
-1246
In base 5, what is 401131 - -11?
401142
In base 3, what is 12 + -12212?
-12200
In base 12, what is 16bb5 + 2?
16bb7
In base 15, what is 10 + -ac5e?
-ac4e
In base 9, what is 3 + -136518?
-136515
In base 11, what is 51a235 - 3?
51a232
In base 12, what is -13b24 - 7?
-13b2b
In base 9, what is -652 - -420?
-232
In base 9, what is -2 - 1203?
-1205
In base 13, what is 36b2c + -4?
36b28
In base 16, what is -87d + -2?
-87f
In base 16, what is 136 - 89d?
-767
In base 4, what is -21110 + -112113?
-133223
In base 15, what is -2a018 - -2?
-2a016
In base 7, what is -16510 + 245?
-16232
In base 10, what is 908068 - 5?
908063
In base 2, what is 10101110101000 + 1000110?
10101111101110
In base 4, what is 1230 + -3100120?
-3032230
In base 11, what is 13 - -2225?
2238
In base 13, what is -3060 + 4?
-3059
In base 10, what is 113 + -1684?
-1571
In base 3, what is 1 - -20211202012?
20211202020
In base 6, what is -11 - 415502?
-415513
In base 4, what is 3030321 - 2?
3030313
In base 5, what is -1133 + 13231?
12043
In base 13, what is -91743 + 5?
-9173b
In base 12, what is -5 - -807?
802
In base 12, what is 13 + 1ba2?
1bb5
In base 6, what is -2504005 + 2?
-2504003
In base 16, what is 39f3 - -18?
3a0b
In base 7, what is -10520304 + 5?
-10520266
In base 3, what is 2 + -111111010221?
-111111010212
In base 16, what is -5b5f8 + -5?
-5b5fd
In base 13, what is 27 - -a73a?
a764
In base 16, what is -4b - -9fe?
9b3
In base 2, what is -10101010 + 101100001?
10110111
In base 2, what is 10101010100100 - 10011?
10101010010001
In base 15, what is -1 + -3be57?
-3be58
In base 10, what is -126 - 1069?
-1195
In base 4, what is -132 - -21332111?
21331313
In base 7, what is -300166 - 0?
-300166
In base 11, what is 2aa63 + 0?
2aa63
In base 4, what is 100 - 33032221?
-33032121
In base 13, what is 1c1 - 1b8?
6
In base 8, what is 136 - 40007?
-37651
In base 7, what is 105621 - -4?
105625
In base 7, what is -334603 + -12?
-334615
In base 13, what is 17c - -10bb?
126a
In base 10, what is -46 - 1391?
-1437
In base 14, what is -147 - 34?
-17b
In base 15, what is -14a - 33?
-17d
In base 10, what is 175219 + 2?
175221
In base 4, what is 11 - -2013002203?
2013002220
In base 9, what is 1613262 + 5?
1613267
In base 8, what is 30521 - -267?
31010
In base 9, what is 26 + -15254?
-15227
In base 9, what is 3 + 1064567?
1064571
In base 14, what is -c76 - 260?
-10d6
In base 14, what is 5 - 2029a?
-20295
In base 13, what is -247 + -3c49?
-4193
In base 12, what is 46a35 + -5?
46a30
In base 9, what is 8131 + 0?
8131
In base 16, what is -3 + -588d6?
-588d9
In base 10, what is 2 - -215324?
215326
In base 9, what is -266308 + -2?
-266311
In base 2, what is 11110111011101 + -10110?
11110111000111
In base 12, what is -5 - -b356?
b351
In base 9, what is 226287 - -1?
226288
In base 6, what is 521 - -535?
1500
In base 14, what is 1 + 2932?
2933
In base 8, what is -1602434 + -1?
-1602435
In base 13, what is 11 + -16544?
-16533
In base 16, what is -166 + -642?
-7a8
In base 16, what is 2 + 207ae?
207b0
In base 7, what is 306 - -245?
554
In base 2, what is 101 - -1001111010010101001?
1001111010010101110
In base 13, what is 43a + 10?
44a
In base 15, what is -e - 2e50?
-2e5e
In base 10, what is -76345 + -2?
-76347
In base 6, what is 452412 + 2?
452414
In base 2, what is 10000001100001100 - 101001?
10000001011100011
In base 16, what is -3 - -7f26?
7f23
In base 16, what is 2f43a + 11?
2f44b
In base 7, what is -42 + -142?
-214
In base 15, what is -431 - 3?
-434
In base 15, what is -2 - -12bb7?
12bb5
In base 15, what is -180c7 + 3a?
-1808c
In base 3, what is 11020221 - -2010020?
20101011
In base 12, what is -22aa97 - 9?
-22aaa4
In base 7, what is -2133 - 0?
-2133
In base 13, what is -344 - -53?
-2c1
In base 8, what is 330775 + 4?
331001
In base 14, what is -5 + -4a152?
-4a157
In base 14, what is -4 + -aa1?
-aa5
In base 14, what is -4 - 60c?
-612
In base 15, what is 1a5